{"id":36,"date":"2023-07-19T10:12:10","date_gmt":"2023-07-19T08:12:10","guid":{"rendered":"https:\/\/readysolutions.sk\/?page_id=36"},"modified":"2023-09-02T20:34:24","modified_gmt":"2023-09-02T18:34:24","slug":"o-nas","status":"publish","type":"page","link":"https:\/\/readysolutions.sk\/?page_id=36","title":{"rendered":"O n\u00e1s"},"content":{"rendered":"\n<p>Vitajte v spolo\u010dnosti READY Solutions s.r.o., ktor\u00e1 je va\u0161\u00edm spo\u013eahliv\u00fdm partnerom v oblasti informa\u010dn\u00fdch rie\u0161en\u00ed. Na\u0161a v\u00e1\u0161e\u0148 pre technol\u00f3gie a dlhoro\u010dn\u00e9 sk\u00fasenosti n\u00e1s radia medzi l\u00eddrov v poskytovan\u00ed komplexn\u00fdch IT rie\u0161en\u00ed pre na\u0161ich klientov.<\/p>\n\n\n\n<p class=\"has-large-font-size\"><strong>Na\u0161a v\u00edzia<\/strong><\/p>\n\n\n\n<p>Na\u0161ou hlavnou v\u00edziou je vytv\u00e1ra\u0165 technologick\u00e9 rie\u0161enia, ktor\u00e9 zlep\u0161uj\u00fa a zjednodu\u0161uj\u00fa va\u0161e podnikanie. Prioritou je poskytn\u00fa\u0165 vysok\u00fd \u0161tandard slu\u017eieb, komplexn\u00e9 rie\u0161enie po\u010d\u00edta\u010dov\u00e9ho vybavenia a touto cestou plni\u0165 \u017eelania a po\u017eiadavky na\u0161ich klientov. Pr\u00e1ve t\u00e1to v\u00edzia n\u00e1s vedie k tomu, aby sme vytvorili jedine\u010dn\u00fa ponuku, ktor\u00e1 uspokoj\u00ed na\u0161ich z\u00e1kazn\u00edkov v \u010do najvy\u0161\u0161ej miere a v \u010do najkrat\u0161om \u010dase.<\/p>\n\n\n\n<p class=\"has-large-font-size\"><strong>Pre\u010do vybra\u0165 READY Solutions ?<\/strong><\/p>\n\n\n\n<ul>\n<li><strong>Sk\u00fasenos\u0165<\/strong>: Na\u0161i odborn\u00edci maj\u00fa bohat\u00e9 sk\u00fasenosti a odborn\u00e9 znalosti v oblasti IT.<\/li>\n\n\n\n<li><strong>Inov\u00e1cie<\/strong>: St\u00e1le sa u\u010d\u00edme a inovujeme, aby sme v\u00e1m poskytovali najlep\u0161ie mo\u017en\u00e9 rie\u0161enia.<\/li>\n\n\n\n<li><strong>Klient<\/strong>: Va\u0161e potreby s\u00fa v\u017edy na\u0161ou prioritou. Sme tu, aby sme v\u00e1m pomohli dosiahnu\u0165 va\u0161e ciele.<\/li>\n<\/ul>\n\n\n\n<p class=\"has-medium-font-size\">Len spolu m\u00f4\u017eeme dosiahnu\u0165 technologick\u00fd \u00faspech.<\/p>\n","protected":false},"excerpt":{"rendered":"<p>Vitajte v spolo\u010dnosti READY Solutions s.r.o., ktor\u00e1 je va\u0161\u00edm spo\u013eahliv\u00fdm partnerom v oblasti informa\u010dn\u00fdch rie\u0161en\u00ed. Na\u0161a v\u00e1\u0161e\u0148 pre technol\u00f3gie a dlhoro\u010dn\u00e9 sk\u00fasenosti n\u00e1s radia medzi l\u00eddrov [&hellip;]<\/p>\n","protected":false},"author":1,"featured_media":0,"parent":0,"menu_order":1,"comment_status":"closed","ping_status":"closed","template":"","meta":{"_monsterinsights_skip_tracking":false,"_monsterinsights_sitenote_active":false,"_monsterinsights_sitenote_note":"","_monsterinsights_sitenote_category":0,"footnotes":""},"yoast_head":"<!-- This site is optimized with the Yoast SEO plugin v22.2 - https:\/\/yoast.com\/wordpress\/plugins\/seo\/ -->\n<title>O n\u00e1s - READY Solutions.sk | Komfort, kvalita a r\u00fdchlos\u0165<\/title>\n<meta name=\"robots\" content=\"index, follow, max-snippet:-1, max-image-preview:large, max-video-preview:-1\" \/>\n<link rel=\"canonical\" href=\"https:\/\/readysolutions.sk\/?page_id=36\" \/>\n<meta property=\"og:locale\" content=\"sk_SK\" \/>\n<meta property=\"og:type\" content=\"article\" \/>\n<meta property=\"og:title\" content=\"O n\u00e1s - READY Solutions.sk | Komfort, kvalita a r\u00fdchlos\u0165\" \/>\n<meta property=\"og:description\" content=\"Vitajte v spolo\u010dnosti READY Solutions s.r.o., ktor\u00e1 je va\u0161\u00edm spo\u013eahliv\u00fdm partnerom v oblasti informa\u010dn\u00fdch rie\u0161en\u00ed. Na\u0161a v\u00e1\u0161e\u0148 pre technol\u00f3gie a dlhoro\u010dn\u00e9 sk\u00fasenosti n\u00e1s radia medzi l\u00eddrov [&hellip;]\" \/>\n<meta property=\"og:url\" content=\"https:\/\/readysolutions.sk\/?page_id=36\" \/>\n<meta property=\"og:site_name\" content=\"READY Solutions.sk | Komfort, kvalita a r\u00fdchlos\u0165\" \/>\n<meta property=\"article:modified_time\" content=\"2023-09-02T18:34:24+00:00\" \/>\n<meta name=\"twitter:card\" content=\"summary_large_image\" \/>\n<meta name=\"twitter:label1\" content=\"Predpokladan\u00fd \u010das \u010d\u00edtania\" \/>\n\t<meta name=\"twitter:data1\" content=\"1 min\u00fata\" \/>\n<script type=\"application\/ld+json\" class=\"yoast-schema-graph\">{\"@context\":\"https:\/\/schema.org\",\"@graph\":[{\"@type\":\"WebPage\",\"@id\":\"https:\/\/readysolutions.sk\/?page_id=36\",\"url\":\"https:\/\/readysolutions.sk\/?page_id=36\",\"name\":\"O n\u00e1s - READY Solutions.sk | Komfort, kvalita a r\u00fdchlos\u0165\",\"isPartOf\":{\"@id\":\"https:\/\/readysolutions.sk\/#website\"},\"datePublished\":\"2023-07-19T08:12:10+00:00\",\"dateModified\":\"2023-09-02T18:34:24+00:00\",\"breadcrumb\":{\"@id\":\"https:\/\/readysolutions.sk\/?page_id=36#breadcrumb\"},\"inLanguage\":\"sk-SK\",\"potentialAction\":[{\"@type\":\"ReadAction\",\"target\":[\"https:\/\/readysolutions.sk\/?page_id=36\"]}]},{\"@type\":\"BreadcrumbList\",\"@id\":\"https:\/\/readysolutions.sk\/?page_id=36#breadcrumb\",\"itemListElement\":[{\"@type\":\"ListItem\",\"position\":1,\"name\":\"Hlavn\u00e1 str\u00e1nka\",\"item\":\"https:\/\/readysolutions.sk\/\"},{\"@type\":\"ListItem\",\"position\":2,\"name\":\"O n\u00e1s\"}]},{\"@type\":\"WebSite\",\"@id\":\"https:\/\/readysolutions.sk\/#website\",\"url\":\"https:\/\/readysolutions.sk\/\",\"name\":\"READY Solutions.sk | Komfort, kvalita a r\u00fdchlos\u0165\",\"description\":\"Informa\u010dn\u00e9 technol\u00f3gie na mieru\",\"potentialAction\":[{\"@type\":\"SearchAction\",\"target\":{\"@type\":\"EntryPoint\",\"urlTemplate\":\"https:\/\/readysolutions.sk\/?s={search_term_string}\"},\"query-input\":\"required name=search_term_string\"}],\"inLanguage\":\"sk-SK\"}]}<\/script>\n<!-- \/ Yoast SEO plugin. -->","yoast_head_json":{"title":"O n\u00e1s - READY Solutions.sk | Komfort, kvalita a r\u00fdchlos\u0165","robots":{"index":"index","follow":"follow","max-snippet":"max-snippet:-1","max-image-preview":"max-image-preview:large","max-video-preview":"max-video-preview:-1"},"canonical":"https:\/\/readysolutions.sk\/?page_id=36","og_locale":"sk_SK","og_type":"article","og_title":"O n\u00e1s - READY Solutions.sk | Komfort, kvalita a r\u00fdchlos\u0165","og_description":"Vitajte v spolo\u010dnosti READY Solutions s.r.o., ktor\u00e1 je va\u0161\u00edm spo\u013eahliv\u00fdm partnerom v oblasti informa\u010dn\u00fdch rie\u0161en\u00ed. Na\u0161a v\u00e1\u0161e\u0148 pre technol\u00f3gie a dlhoro\u010dn\u00e9 sk\u00fasenosti n\u00e1s radia medzi l\u00eddrov [&hellip;]","og_url":"https:\/\/readysolutions.sk\/?page_id=36","og_site_name":"READY Solutions.sk | Komfort, kvalita a r\u00fdchlos\u0165","article_modified_time":"2023-09-02T18:34:24+00:00","twitter_card":"summary_large_image","twitter_misc":{"Predpokladan\u00fd \u010das \u010d\u00edtania":"1 min\u00fata"},"schema":{"@context":"https:\/\/schema.org","@graph":[{"@type":"WebPage","@id":"https:\/\/readysolutions.sk\/?page_id=36","url":"https:\/\/readysolutions.sk\/?page_id=36","name":"O n\u00e1s - READY Solutions.sk | Komfort, kvalita a r\u00fdchlos\u0165","isPartOf":{"@id":"https:\/\/readysolutions.sk\/#website"},"datePublished":"2023-07-19T08:12:10+00:00","dateModified":"2023-09-02T18:34:24+00:00","breadcrumb":{"@id":"https:\/\/readysolutions.sk\/?page_id=36#breadcrumb"},"inLanguage":"sk-SK","potentialAction":[{"@type":"ReadAction","target":["https:\/\/readysolutions.sk\/?page_id=36"]}]},{"@type":"BreadcrumbList","@id":"https:\/\/readysolutions.sk\/?page_id=36#breadcrumb","itemListElement":[{"@type":"ListItem","position":1,"name":"Hlavn\u00e1 str\u00e1nka","item":"https:\/\/readysolutions.sk\/"},{"@type":"ListItem","position":2,"name":"O n\u00e1s"}]},{"@type":"WebSite","@id":"https:\/\/readysolutions.sk\/#website","url":"https:\/\/readysolutions.sk\/","name":"READY Solutions.sk | Komfort, kvalita a r\u00fdchlos\u0165","description":"Informa\u010dn\u00e9 technol\u00f3gie na mieru","potentialAction":[{"@type":"SearchAction","target":{"@type":"EntryPoint","urlTemplate":"https:\/\/readysolutions.sk\/?s={search_term_string}"},"query-input":"required name=search_term_string"}],"inLanguage":"sk-SK"}]}},"_links":{"self":[{"href":"https:\/\/readysolutions.sk\/index.php?rest_route=\/wp\/v2\/pages\/36"}],"collection":[{"href":"https:\/\/readysolutions.sk\/index.php?rest_route=\/wp\/v2\/pages"}],"about":[{"href":"https:\/\/readysolutions.sk\/index.php?rest_route=\/wp\/v2\/types\/page"}],"author":[{"embeddable":true,"href":"https:\/\/readysolutions.sk\/index.php?rest_route=\/wp\/v2\/users\/1"}],"replies":[{"embeddable":true,"href":"https:\/\/readysolutions.sk\/index.php?rest_route=%2Fwp%2Fv2%2Fcomments&post=36"}],"version-history":[{"count":2,"href":"https:\/\/readysolutions.sk\/index.php?rest_route=\/wp\/v2\/pages\/36\/revisions"}],"predecessor-version":[{"id":170,"href":"https:\/\/readysolutions.sk\/index.php?rest_route=\/wp\/v2\/pages\/36\/revisions\/170"}],"wp:attachment":[{"href":"https:\/\/readysolutions.sk\/index.php?rest_route=%2Fwp%2Fv2%2Fmedia&parent=36"}],"curies":[{"name":"wp","href":"https:\/\/api.w.org\/{rel}","templated":true}]}}